vert 104266 (base 10) to base 12.
5040a
1422221243 (base 5) to base 8
16117547
-1011011111000001010 (base 2) to base 14
-9b20a
62521a (base 12) to base 11
964654
Convert -20513200 (base 8) to base 14.
-8184b6
1000110111111011001100 (base 2) to base 11
13497a6
What is 4143414 (base 5) in base 2?
10000110000000001
15654a2 (base 11) to base 7
31465556
Convert 244536 (base 9) to base 11.
a0a6a
-7650a (base 11) to base 16
-1b1f0
43bb98 (base 13) to base 15
2182c1
-537c9 (base 16) to base 12
-145a89
What is -110100111101000110110 (base 2) in base 15?
-244217
What is 713664 (base 8) in base 2?
111001011110110100
Convert 4841b (base 15) to base 5.
24333201
Convert 12032666 (base 7) to base 2.
100000100100001000000
What is 317dd (base 14) in base 13?
4255b
-100110000000011011 (base 2) to base 11
-a6a63
What is -130451345 (base 6) in base 7?
-30510602
22016545 (base 7) to base 13
510c52
What is 121020201 (base 3) in base 13?
5512
What is 2417301 (base 12) in base 4?
122231013301
4601461 (base 7) to base 11
360849
What is -72168 (base 9) in base 4?
-23212220
Convert 1385318 (base 10) to base 13.
39671c
What is 124411024 (base 5) in base 3?
1011122002201
Convert 4221412 (base 7) to base 3.
221212222121
What is -111101110100010110 (base 2) in base 8?
-756426
-212e6 (base 15) to base 4
-121231023
Convert 37645 (base 13) to base 12.
4b131
What is -155417 (base 8) in base 11?
-39151
-1064949 (base 11) to base 16
-1c7891
9bb18 (base 14) to base 9
635587
Convert 10043555 (base 7) to base 2.
11001011101110011101
1106456 (base 8) to base 5
34021121
What is 22101120121 (base 3) in base 16?
28537
Convert -3534600 (base 7) to base 14.
-b86a7
What is -1012310 (base 5) in base 7?
-66224
1010322300 (base 4) to base 13
9b646
What is 23023737 (base 8) in base 12?
180833b
-303321232 (base 4) to base 15
-42eca
What is db7b (base 14) in base 13?
14363
-73334 (base 15) to base 14
-97156
Convert -2708a2 (base 11) to base 5.
-102110134
Convert 5d3c83 (base 15) to base 8.
21026354
What is -1566392 (base 10) in base 15?
-20e1b2
-27336a (base 12) to base 5
-131223024
Convert 6020416 (base 7) to base 11.
446128
Convert -a3ab (base 15) to base 6.
-424042
What is 102212211212 (base 3) in base 13?
82601
What is -57f8cf (base 16) in base 11?
-3288637
-4214325 (base 6) to base 16
-31ead
Convert 52c2e (base 15) to base 7.
2142440
31053102 (base 6) to base 12
371192
Convert -2b7b44 (base 14) to base 16.
-173020
What is 54114543 (base 6) in base 5?
402041242
-110021021012 (base 3) to base 12
-b7905
11217261 (base 9) to base 11
30894a5
What is 262487 (base 10) in base 13?
92624
Convert -89ba30 (base 13) to base 15.
-443e0e
What is 39aa (base 12) in base 10?
6610
Convert 52116 (base 9) to base 10.
34359
What is 25225343 (base 6) in base 4?
3012113133
-2341232421 (base 5) to base 16
-529f50
What is -b50fb (base 16) in base 4?
-2311003323
What is -104044303 (base 6) in base 7?
-21625614
Convert 15520550 (base 6) to base 10.
554898
1111001100110001010 (base 2) to base 9
838177
-763274 (base 12) to base 10
-1871800
Convert 25855 (base 13) to base 15.
15904
-10000100010001000101 (base 2) to base 13
-15c793
What is 260761 (base 8) in base 9?
147256
Convert -2203 (base 7) to base 8.
-1423
-4133533 (base 7) to base 2
-1111001000100100000
2715775 (base 11) to base 4
101321223200
3713273 (base 11) to base 3
110011020211011
What is -113522513 (base 6) in base 3?
-11000210202000
455242 (base 7) to base 2
10011110010110100
What is 110111110001001 (base 2) in base 7?
146150
Convert -22040220 (base 5) to base 2.
-101110011001101100
Convert -19ecd (base 16) to base 12.
-51551
-753a84 (base 11) to base 10
-1205857
200022112210022 (base 3) to base 13
202a894
Convert -139c3c1 (base 13) to base 11.
-3571838
34617 (base 8) to base 4
3212033
Convert -30d58 (base 15) to base 10.
-154883
Convert 14776201 (base 9) to base 13.
16b1966
3b8917 (base 13) to base 10
1447167
Convert 656041 (base 8) to base 16.
35c21
What is 1333001013 (base 4) in base 10?
520263
What is -5641773 (base 8) in base 3?
-2212110112112
Convert -53413 (base 8) to base 9.
-33508
Convert -46864 (base 9) to base 14.
-b5b6
-4012324 (base 5) to base 9
-106045
Convert 4b4404 (base 13) to base 14.
35128b
189632 (base 13) to base 16
97841
What is 1182284 (base 12) in base 11?
1a15984
Convert -103230010031 (base 4) to base 15.
-6be3be
Convert -10010010100110001011 (base 2) to base 5.
-123203314
-1221240424 (base 5) to base 6
-142251522
Convert -4e59c (base 16) to base 12.
-135878
What is -61202120 (base 7) in base 12?
-18575b2
Convert 110200212200 (base 3) to base 2.
111101000001100101
Convert 61742 (base 11) to base 10.
90070
236942 (base 10) to base 2
111001110110001110
-152434 (base 10) to base 12
-7426a
Convert -100000100001 (base 2) to base 5.
-31311
What is 2221100102002 (base 3) in base 7?
16163255
Convert 2a60a7 (base 12) to base 3.
1100100111201
Convert 303187 (base 10) to base 5.
34200222
Convert 4a20735 (base 11) to base 15.
b75b4b
Convert -100110110011100 (base 2) to base 14.
-7352
What is 61cc0 (base 16) in base 12?
173994
What is -1033012200 (base 4) in base 8?
-1170640
Convert 396403 (base 10) to base 4.
1200301303
Convert -586064 (base 14) to base 5.
-1232404000
5108776 (base 10) to base 13
109b45a
Convert 2020012113 (base 4) to base 11.
350915
What is -10112010101 (base 3) in base 10?
-69346
Convert -1122222112121 (base 3) to base 8.
-3301230
What is -524304 (base 7) in base 11?
-61986
1210211222 (base 3) to base 5
2114422
Convert 1551451 (base 6) to base 11.
63477
444816 (base 10) to base 4
1230212100
-25455254 (base 6) to base 13
-231880
-1212220202020 (base 3) to base 5
-224032232
770113 (base 8) to base 13
90648
17879 (base 16) to base 14
271a1
-363a11 (base 11) to base 8
-2145326
What is -12454036 (base 7) in base 13?
-30b85a
What is -12203122321 (base 4) in base 7?
-20413405
What is 432430 (base 9) in base 15?
51543
What is 16452 (base 12) in base 2?
111101111111110
-11462 (base 15) to base 5
-3224432
What is 7d2537 (base 14) in base 8?
20225145
What is -e3e4d (base 15) in base 4?
-2300102302
-18861427 (base 9) to base 6
-540344341
What is -29a87a (base 12) in base 5?
-134442224
What is 2104042034 (base 5) in base 14?
8179ba
Convert 2c050 (base 14) to base 6.
2204250
What is -1145464 (base 7) in base 3?
-21102022001
What is -6be226 (base 15) in base 13?
-10b9084
241218a (base 11) to base 2
10000000010100100110000
What is -11010211440 (base 5) in base 15?
-1082730
-887a (base 14) to base 13
-a9a7
ab3712 (base 15) to base 4
133020300212
-143c29 (base 15) to base 2
-11101101111110010011
What is 63006e (base 15) in base 10?
4708229
What is 100110011000100111001 (base 2) in base 13?
350669
791546 (base 10) to base 11
4a0778
10765 (base 15) to base 4
30301013
Convert -157822 (base 10) to base 15.
-31b67
What is -114471 (base 8) in base 2?
-1001100100111001
What is 30db9a (base 14) in base 7?
20015453
3b482 (base 12) to base 14
21bb4
What is -455804 (base 9) in base 16?
-42b92
421079 (base 12) to base 13
2a498c
What is 670774 (base 10) in base 7?
5462416
Convert 1352421 (base 8) to base 15.
783ba
b08a10 (base 12) to base 6
134554420
What is -1ba35 (base 16) in base 10?
-113205
What is -21355102 (base 6) in base 10?
-637454
47025170 (base 8) to base 15
d72693
Convert -141145020 (base 6) to base 11.
-16838a2
What is 2fa426 (base 16) in base 9?
5777776
What is 133140431 (base 5) in base 6?
22305040
Convert -33114314 (base 5) to base 15.
-5993e
1210121342 (base 5) to base 15
3a9a67
Convert -10443240 (base 7) to base 5.
-212322110
-20210022222112 (base 3) to base 2
-1101110000111111011001
-1210010030 (base 4) to base 2
-1100100000100001100
What is a2747 (base 15) in base 12?
2099aa
What is -2331831 (base 11) in base 16?
-3e2453
What is -1001101100001010110111 (base 2) in base 4?
-21230022313
16363232 (base 8) to base 14
70ac1c
Convert 1100001000010110111 (base 2) to base 14.
a4c07
313403 (base 8) to base 16
19703
101341130 (base 5) to base 6
12544310
Convert -223231002 (base 4) to base 7.
-1343616
Convert 94767 (base 10) to base 5.
11013032
-205dc7 (base 15) to base 3
-2220011202021
417cd (base 14) to base 10
157961
Convert 10010000220 (base 4) to base 13.
2b39a1
What is 11020201110111 (base 3) in base 15?
2e90ba
What is 752942 (base 10)